se -5*j + s = -o, j = -3*o - o + 57. What are the prime factors of j?
7
Let g(i) = 4*i**2 - 8. List the prime factors of g(10).
2, 7
Suppose -5*r = 2*p - 305, 7*r - 5*p - 122 = 5*r. List the prime factors of r.
61
What are the prime factors of (-7 - -2)*-1318*(-2)/(-20)?
659
What are the prime factors of ((-99)/5*3)/(47/(-235))?
3, 11
Let g(t) = -t**2 - 8*t - 1. Let k be g(-6). Let l = k + 3. What are the prime factors of l?
2, 7
Suppose -4*o = -7*o - 15, 2131 = 3*a - 2*o. List the prime factors of a.
7, 101
Suppose -18*o + 13*o = -15. What are the prime factors of 2/8 + o/((-60)/(-5035))?
2, 3, 7
Let v(d) = 9*d**2 - 3*d + 24. Let w(n) = 6*n + 90. Let q be w(-14). What are the prime factors of v(q)?
2, 3, 5, 11
Suppose -171 = -7*t + 361. What are the prime factors of t?
2, 19
Suppose 0 = -5*n + 5*o + 560, -3*n - o - 4*o + 336 = 0. Let u be (n/35)/((-4)/50). Let k = -17 - u. List the prime factors of k.
23
Let b(h) = 14*h**2 + 4*h + 2. Suppose 4*x - 5*x - 3 = 0. Let t be b(x). Suppose g - 6*g = 25, 0 = -4*m - 4*g + t. What are the prime factors of m?
2, 17
Suppose -3*w + w = -8. Suppose -20 = w*l, 3*l + 13 = v - 8. Suppose -7*y + v*y = -17. What are the prime factors of y?
17
Let j be (-7)/((-21)/(-12)) - -7. Suppose j*i = t + 269, 2*i - 3*i + 95 = -3*t. What are the prime factors of i?
89
Suppose 18 = -q - 4*b + 769, 3*q + 2*b - 2263 = 0. What are the prime factors of q?
5, 151
What are the prime factors of (1 + (-2681)/(-28))/(6/32)?
2, 3, 43
Let p(n) = -n**3 - 5*n**2 + 3*n + 2. Let q be p(-3). Let j be (-40)/q*(-5)/(-2). Suppose -140 = -j*i - 24. What are the prime factors of i?
29
Suppose g + 8 = 5*j, -3*j + 6 = j - g. List the prime factors of j + ((-231)/6 + 3)*-2.
73
Let g = 840 - 434. List the prime factors of g.
2, 7, 29
Let h = 35 - 31. Suppose -2*w + h*w - 122 = 0. What are the prime factors of w?
61
Let c(r) = -r + 15. Let i be c(8). Let k be 26/i - 4/(-14). Suppose 2*z + 2*x = 4*x + 80, -k*x = 20. What are the prime factors of z?
5, 7
Suppose -j = 3*j - 20. Suppose r + j = z, -3*z - 4*r - 9 = r. Suppose -z*m + 10*m = 136. What are the prime factors of m?
17
Let r(q) = -q**3 + 13*q**2 + 28*q - 32. List the prime factors of r(13).
2, 83
Let u = 176 + 78. Suppose -5*o = -5*x - 75 + 680, -2*x + u = 2*o. List the prime factors of x.
2, 31
Suppose 0 = 35*o - 8103 - 93152. List the prime factors of o.
11, 263
Suppose 0 = a - 75 - 34. Suppose 0 = 4*w + 2*u - 332, -3*w + u - a = -348. List the prime factors of w.
3
Let j(i) = -i**3 - i**2 + 4. Let p be j(0). Suppose 2*t + 5*w - 4 = 9, -4*w = p*t - 32. List the prime factors of ((-8)/24)/((-1)/t).
3
Suppose z = h + 1496, 4*z = -3*h + 1634 + 4350. List the prime factors of z.
2, 11, 17
Let m = 79 - 76. Suppose -4*f + 7*r = 2*r - 956, -2*f = m*r - 500. What are the prime factors of f?
2, 61
Let m(o) = 4*o + 18. Let d be m(-12). Let p = 96 + d. What are the prime factors of p?
2, 3, 11
Let m be (-6)/21 - (-65)/7. Let o(j) = j**3 + 10*j**2 - 3*j - 23. Let y be o(-10). Let c = m - y. List the prime factors of c.
2
Suppose -3*b - 3*g = 0, -2*g + 10 = -b + 2*g. What are the prime factors of 44 + b/4*6?
41
Suppose -20842 = -16*l + 15718. List the prime factors of l.
5, 457
Suppose 24*y - 12672 = -9*y. List the prime factors of y.
2, 3
List the prime factors of (-265)/((-6)/48 - 7/8).
5, 53
Suppose -4*b + 84 = 2*a, 3*a + 0*a = b - 21. Suppose 4*k + 3*x = -b, 2*x = 2*k + 6*x + 8. What are the prime factors of ((-88)/k)/((-10)/(-15))?
2, 11
Suppose i = -u + 482, 250 = -4*u + 2*i + 2154. List the prime factors of u.
2, 239
Suppose 0 = 2*n - 0*n - 30. Let s be 3/(-2)*70/n. Let c(o) = -o**3 - 5*o**2 + 8*o - 7. List the prime factors of c(s).
5, 7
Let y be 64/(-12)*66/4. What are the prime factors of (-1 - y) + (-4)/1?
83
Let f(x) = 10*x**2 - 4*x + 2. Let j be f(3). Suppose -452 = -2*k - j. Suppose -2*n = n - k. What are the prime factors of n?
2, 31
Let i(s) = s**3 + 12*s**2. Let b be i(-12). Suppose -x + 107 = 2*p, -p + b*p + 71 = 4*x. List the prime factors of p.
3, 17
Suppose 4*u + 2218 = 5*a, 0 = -0*u - 3*u - 2*a - 1675. Let d = 807 + u. List the prime factors of d.
2, 5
Suppose 2*t - 3*t - 2*a - 34 = 0, -4*t = -a + 127. Let h = 117 + t. List the prime factors of h.
5, 17
Suppose -16*h + 57*h = 67240. What are the prime factors of h?
2, 5, 41
Suppose 4*k = -3*f - 13, 5*f - 17 = -0*f + 3*k. Let t = f - -4. Suppose -3*p + 7 = -t. List the prime factors of p.
2
Let v(p) = 4*p - 1. Let f be v(3). Let u = 16 - f. Suppose 0 = 4*k + u*y - 12, -4 = -2*k - 5*y + 2. List the prime factors of k.
3
Suppose -13*h - 15 = -12*h. Let f = 7 + h. Let y = 21 + f. What are the prime factors of y?
13
Suppose -2*b - q + 1452 = -4*q, -4*b + q = -2914. What are the prime factors of b?
3
Let i(v) = -v**3 - 13*v**2 + v + 14. Let q be i(-13). Let h(s) = 2 + 1 + 2*s**2 - 3 - q + 7*s. List the prime factors of h(-5).
2, 7
Let a(i) = 47*i**2. Let r = 12 + -13. Let l be a(r). Suppose 0 = -6*z + 7*z - l. What are the prime factors of z?
47
Let v(i) = 4*i - 22. Let t(n) = 10*n**3 + n**2 + n - 2. Let r be t(1). List the prime factors of v(r).
2, 3
Let d(p) = -14*p - 1. Let n(f) = f - 1. Let y(w) = -d(w) - 6*n(w). What are the prime factors of y(21)?
5, 7
Let m = 2531 - 1150. List the prime factors of m.
1381
Let l = 26 + -128. List the prime factors of -1 - (l - (2 - 1)).
2, 3, 17
Suppose -3 = -3*f - 4*l, -2*f - 6 = l - 3. Let x be (f - 25*-12) + -2. Suppose -4*q + x = q. List the prime factors of q.
59
Suppose 0 = -3*u + 5*s + 29, 0 = -3*u - 6*s + s + 79. Suppose 12 = 4*k - 2*i, -3*k - 2 = 2*i - u. What are the prime factors of k/((-4)/(-25)) + 4?
29
Let n = -20 + 18. Let a(g) = -9*g**3 - 2*g**2 - 2. List the prime factors of a(n).
2, 31
Let g = 1438 + -892. List the prime factors of g.
2, 3, 7, 13
Suppose 23*j = 28*j - 10. List the prime factors of 54 - (j - (4 + -5)).
3, 17
Let x be 1*(-1 + 2)*-53. Let p = 230 + -152. Let m = p + x. What are the prime factors of m?
5
Let q(v) be the third derivative of -v**4/24 + v**3/6 + 4*v**2. Let w be q(-4). What are the prime factors of 123/5 - 3/w?
2, 3
Suppose 2*w = k + 1644, 4*w + k = 1952 + 1324. What are the prime factors of w?
2, 5, 41
Suppose -7*h - 135 = -2*h. Let b = 86 + h. What are the prime factors of b?
59
Let o = 5782 + -4076. What are the prime factors of o?
2, 853
Let n(g) = 4*g + 17. Let v be n(0). Suppose 7*r - v*r + 3010 = 0. List the prime factors of r.
7, 43
Let t = 36 + -31. Suppose t*n - 53 = 212. List the prime factors of n.
53
Let p(x) = 3*x**2 - 41*x - 395. What are the prime factors of p(-11)?
419
Let k(n) = n**2 - 6*n - 10. Let p be k(-3). Suppose 0 = i - p - 45. What are the prime factors of i?
2, 31
List the prime factors of 2 + -8 - 2634/(-6).
433
Suppose -80*z + 2862 = -77*z. What are the prime factors of z?
2, 3, 53
Let y be (-3 - -75) + 5 + -2. Suppose 0 = 5*i - 15 - y. Suppose 0 = 3*s - i - 72. What are the prime factors of s?
2, 3, 5
Let a = 704 + -502. What are the prime factors of a?
2, 101
Suppose 0 = z - 2*o - 2, 4*z - 2 = -5*o + 19. Suppose -j + z*j = -5*s + 723, 4*s - 577 = -j. List the prime factors of (s/4)/(-1 - -3).
2, 3
Suppose 54*k + 1425 - 9687 = 0. What are the prime factors of k?
3, 17
Let o be (-3 - 5/(-1)) + 0. Suppose -o*m + 14 = -34. List the prime factors of m.
2, 3
Suppose -9*i + 8*i = 40. What are the prime factors of 11 + -12 - (-1 + i)?
2, 5
Suppose 2*h - h + 3 = 0, 4*t + h = -3. Suppose 3*x + 4*z = -t*z + 647, 3*x - 2*z - 635 = 0. What are the prime factors of x?
3, 71
Suppose 17*n = 15*n - 6. Let m(c) = -17*c - 4. List the prime factors of m(n).
47
Let g be (4/(-3))/(6/(-9)). Suppose -6*i = -2*i - 8. Suppose -z = -g*l - 5, i*z - 6 - 9 = 3*l. What are the prime factors of z?
3, 5
Let j = 14 + -14. Suppose 1 = -4*s - 3, j = -2*z - 4*s + 146. List the prime factors of z.
3, 5
Let y(z) = -8*z - 11. Suppose 2*t + 7 + 19 = 0. What are the prime factors of y(t)?
3, 31
Suppose 17352 = 49*y - 13*y. List the prime factors of y.
2, 241
Let k be (0 - 0)/3 - 8. Let s(c) = -29*c - 14. List the prime factors of s(k).
2, 109
Suppose 2*u = -5*n + 34, -u + n = -3*u + 26. Let l be (2/(-3))/((-2)/u). Suppose -62 = -l*c + 2*p, p - 75 = -4*c - 22. List the prime factors of c.
2, 7
Let w(n) = n**2 - 5*n - 1. Let o be w(6). Suppose -4*v + o*m - 56 = 0